913.
48
Calculate the remainder when 10383 is divided by 3422.
117
What is the remainder when 32869 is divided by 10909?
142
Calculate the remainder when 1345 is divided by 1206.
139
Calculate the remainder when 60047 is divided by 12.
11
What is the remainder when 378 is divided by 337?
41
What is the remainder when 48982 is divided by 203?
59
What is the remainder when 46427 is divided by 29?
27
Calculate the remainder when 58342 is divided by 79.
40
What is the remainder when 2167587 is divided by 19?
10
What is the remainder when 6303 is divided by 487?
459
What is the remainder when 1760 is divided by 17?
9
What is the remainder when 446 is divided by 115?
101
What is the remainder when 1754 is divided by 354?
338
What is the remainder when 1429 is divided by 1413?
16
Calculate the remainder when 6926 is divided by 19.
10
What is the remainder when 15086 is divided by 16?
14
What is the remainder when 9923 is divided by 723?
524
What is the remainder when 3668 is divided by 1770?
128
What is the remainder when 5583821 is divided by 2075?
2071
What is the remainder when 27764 is divided by 505?
494
What is the remainder when 5113 is divided by 2385?
343
What is the remainder when 6998 is divided by 1146?
122
What is the remainder when 28739 is divided by 10?
9
Calculate the remainder when 21647 is divided by 21630.
17
Calculate the remainder when 1917 is divided by 239.
5
Calculate the remainder when 15042 is divided by 255.
252
What is the remainder when 189820 is divided by 182?
176
Calculate the remainder when 325040 is divided by 36.
32
Calculate the remainder when 12172 is divided by 68.
0
What is the remainder when 70648 is divided by 162?
16
Calculate the remainder when 13414438 is divided by 520.
518
Calculate the remainder when 343208 is divided by 2487.
2
What is the remainder when 11527 is divided by 336?
103
Calculate the remainder when 3671 is divided by 96.
23
Calculate the remainder when 612238 is divided by 269.
263
What is the remainder when 3147 is divided by 869?
540
Calculate the remainder when 6006 is divided by 60.
6
Calculate the remainder when 402960 is divided by 971.
966
Calculate the remainder when 17196 is divided by 2.
0
Calculate the remainder when 259572 is divided by 1359.
3
What is the remainder when 142244 is divided by 56?
4
Calculate the remainder when 27758 is divided by 198.
38
What is the remainder when 99 is divided by 45?
9
What is the remainder when 3013 is divided by 612?
565
What is the remainder when 33696 is divided by 166?
164
Calculate the remainder when 969470 is divided by 11.
7
Calculate the remainder when 1576 is divided by 762.
52
What is the remainder when 77839 is divided by 77824?
15
What is the remainder when 1118028 is divided by 41408?
12
Calculate the remainder when 1277447 is divided by 93.
92
What is the remainder when 1056 is divided by 540?
516
Calculate the remainder when 40318 is divided by 683.
21
What is the remainder when 13053 is divided by 107?
106
Calculate the remainder when 8430 is divided by 14.
2
What is the remainder when 36218 is divided by 182?
0
Calculate the remainder when 4771697 is divided by 38.
37
Calculate the remainder when 860990 is divided by 18.
14
What is the remainder when 38911 is divided by 148?
135
Calculate the remainder when 1051364 is divided by 1085.
1084
Calculate the remainder when 56600 is divided by 36.
8
What is the remainder when 350565 is divided by 35056?
5
What is the remainder when 52840 is divided by 62?
16
Calculate the remainder when 11236 is divided by 661.
660
Calculate the remainder when 2810 is divided by 401.
3
What is the remainder when 11568 is divided by 14?
4
What is the remainder when 3464 is divided by 434?
426
Calculate the remainder when 3244 is divided by 324.
4
What is the remainder when 2081 is divided by 257?
25
Calculate the remainder when 6331 is divided by 716.
603
What is the remainder when 101949 is divided by 29?
14
Calculate the remainder when 25241 is divided by 250.
241
What is the remainder when 3054 is divided by 2981?
73
What is the remainder when 54743 is divided by 82?
49
Calculate the remainder when 37828 is divided by 29.
12
What is the remainder when 168778 is divided by 72?
10
Calculate the remainder when 3660423 is divided by 28157.
13
Calculate the remainder when 445808 is divided by 91.
90
What is the remainder when 160895 is divided by 1986?
29
Calculate the remainder when 6429 is divided by 918.
3
Calculate the remainder when 77 is divided by 54.
23
Calculate the remainder when 17047 is divided by 14.
9
What is the remainder when 43049 is divided by 14341?
26
What is the remainder when 36056 is divided by 17910?
236
What is the remainder when 288628 is divided by 35?
18
What is the remainder when 5895 is divided by 1156?
115
Calculate the remainder when 108437 is divided by 159.
158
Calculate the remainder when 408830 is divided by 370.
350
Calculate the remainder when 6191 is divided by 43.
42
Calculate the remainder when 35447 is divided by 35.
27
What is the remainder when 4161 is divided by 219?
0
What is the remainder when 19008 is divided by 161?
10
Calculate the remainder when 195910 is divided by 23.
19
What is the remainder when 5450 is divided by 69?
68
Calculate the remainder when 34649 is divided by 231.
230
Calculate the remainder when 46095 is divided by 6.
3
What is the remainder when 10986 is divided by 407?
404
Calculate the remainder when 454614 is divided by 18.
6
Calculate the remainder when 12811 is divided by 6400.
11
Calculate the remainder when 1629 is divided by 1527.
102
Calculate the remainder when 83335 is divided by 243.
229
What is the remainder when 59520 is divided by 342?
12
Calculate the remainder when 3001 is divided by 1491.
19
What is the remainder when 40749 is divided by 145?
4
Calculate the remainder when 26329 is divided by 21.
16
Calculate the remainder when 4120 is divided by 702.
610
What is the remainder when 6337 is divided by 633?
7
What is the remainder when 21279 is divided by 519?
0
What is the remainder when 1214928 is divided by 49?
22
What is the remainder when 947370 is divided by 333?
318
What is the remainder when 38359 is divided by 38304?
55
Calculate the remainder when 372 is divided by 111.
39
Calculate the remainder when 746527 is divided by 22.
1
What is the remainder when 28612 is divided by 49?
45
Calculate the remainder when 2738 is divided by 170.
18
Calculate the remainder when 9743 is divided by 325.
318
Calculate the remainder when 13272 is divided by 5.
2
Calculate the remainder when 7728 is divided by 321.
24
Calculate the remainder when 4430 is divided by 2213.
4
Calculate the remainder when 13973 is divided by 3463.
121
What is the remainder when 5775 is divided by 49?
42
What is the remainder when 13717 is divided by 115?
32
What is the remainder when 3494 is divided by 250?
244
Calculate the remainder when 240407 is divided by 324.
323
Calculate the remainder when 3483 is divided by 262.
77
Calculate the remainder when 2794 is divided by 310.
4
What is the remainder when 69663 is divided by 3482?
23
Calculate the remainder when 15165 is divided by 2808.
1125
Calculate the remainder when 200204 is divided by 14298.
32
Calculate the remainder when 81360 is divided by 20337.
12
Calculate the remainder when 2254 is divided by 109.
74
What is the remainder when 9783 is divided by 263?
52
Calculate the remainder when 58943 is divided by 24.
23
Calculate the remainder when 148 is divided by 36.
4
What is the remainder when 2285 is divided by 1034?
217
What is the remainder when 13587 is divided by 4529?
0
Calculate the remainder when 173960 is divided by 28.
24
Calculate the remainder when 9848 is divided by 185.
43
What is the remainder when 419382 is divided by 300?
282
What is the remainder when 2771525 is divided by 19?
14
Calculate the remainder when 11337 is divided by 3746.
99
What is the remainder when 3842 is divided by 1279?
5
What is the remainder when 226325 is divided by 164?
5
What is the remainder when 763 is divided by 21?
7
Calculate the remainder when 332918 is divided by 204.
194
What is the remainder when 46774 is divided by 46703?
71
Calculate the remainder when 12568 is divided by 23.
10
Calculate